52, 2*m + 12 - 36 = j*x. Calculate the remainder when ((-56)/(-6))/((-1)/(-3)) is divided by m.
8
Suppose -2*g - 17 = 5*z - 128, -3*g - 6 = 0. What is the remainder when z is divided by 6?
5
Let y(j) = 18*j - 4. Let m be y(-5). Let z = 155 + m. Calculate the remainder when z is divided by 42/((-4)/(-8)*4).
19
Let y be (1 + 6)/((-2)/(-10)). Suppose 9*o - y = 4*o. Calculate the remainder when o is divided by 2.
1
Let t(u) = -5*u + 1. Suppose -2*m + 2 + 202 = 0. What is the remainder when m is divided by t(-5)?
24
Let g(q) = q**2 + q - 5. Let i be g(0). Let v = 7 + i. What is the remainder when 11/3*v*6 is divided by 15?
14
Suppose -2*u + 4*a + 40 = 3*u, -a = 4*u - 32. Let k(t) = 0*t + u*t + 0 - 6. Calculate the remainder when k(5) is divided by 18.
16
Suppose -2 = 2*f - 4*f, 4*w = -2*f + 34. Suppose -4*q = -3*q - w. Calculate the remainder when q is divided by 5.
3
Suppose -4*y + t = -7*y + 65, 0 = -3*t + 6. What is the remainder when 62 is divided by y?
20
Let i(d) = -d**3 - 3*d**2 + 2*d + 3. Suppose 25 = -2*l + 3*x, -3*l - x - 4*x = 28. Let b = l + 7. Calculate the remainder when 20 is divided by i(b).
9
Suppose 55 = 5*h - 5. What is the remainder when 22 is divided by h?
10
What is the remainder when 1/5 - (-1)/(5/334) is divided by 23?
21
Let v(c) = 2*c**2 + c - 1. Let z be v(-2). Suppose -75 = -z*u + 4*r, -3*u = 5*r - 20 - 25. Calculate the remainder when u is divided by 8.
7
Let n = 17 + -3. Suppose -i - i + 4*c + 22 = 0, 0 = 2*i + 5*c + 5. Calculate the remainder when n is divided by i.
4
Let d(t) = 2*t**2 - 6*t + 34. What is the remainder when d(6) is divided by 25?
20
Suppose 399 - 7 = 4*q. What is the remainder when q/6 + (-10)/(-15) is divided by 10?
7
Let l = -8 + 18. Let w(g) = -g - 6. Let b be w(-8). Suppose -2*v - b = -0*v, 15 = 3*m - 3*v. Calculate the remainder when l is divided by m.
2
Let g be (-19)/(-4) + (-1)/(-4). Suppose 0 = g*l - 0 - 5. Calculate the remainder when 17 is divided by (l/1)/(1/6).
5
Let h(p) = -2*p**2 - 5*p + 6. Let i be h(-5). Let n = -2 - i. Calculate the remainder when n is divided by 5.
2
Suppose 0 = -4*h - h. Suppose 3*p - 7*p = h. Suppose -x = -4, w + p*x - 3 = 5*x. What is the remainder when 44 is divided by w?
21
Suppose -3*o + 13 = x, 5*x - 3 = 3*o + 8. Calculate the remainder when o is divided by 3.
0
Let o = -1 - -5. Suppose 5*c - 76 = l, 2*l + 9 = 7. Calculate the remainder when c is divided by o.
3
Let f be 2/3*(-66)/(-4). Suppose -f = 3*y - 4*y. Suppose -2*l = -3*a + y, -5*l + 4*a + 0*a - 10 = 0. What is the remainder when 2 is divided by l?
0
Suppose -3*y - 81 = -6*y + 4*b, 0 = -4*b - 12. What is the remainder when 43 is divided by y?
20
Let s = 42 - 15. Calculate the remainder when 50 is divided by s.
23
Suppose 0 = 2*x + x - 18. Suppose 14 + x = 4*d. What is the remainder when 13 is divided by d?
3
Suppose -7 = x + 7. Let s be x/(-6) + 1/(-3). What is the remainder when (s/5)/((-1)/(-5)) is divided by 1?
0
Let y(h) = -h**2 + 9*h - 6. Let o be y(7). Suppose 13*m = o*m + 120. What is the remainder when m is divided by 9?
6
Suppose -3*b = -8*b + f + 126, f = -1. What is the remainder when b is divided by 14?
11
Suppose -305 = 10*h - 15*h. What is the remainder when h is divided by 21?
19
Let h(p) = -p**3 - 15*p**2 - 14*p + 7. What is the remainder when 18 is divided by h(-14)?
4
Suppose -7*x + 10 = -95. Calculate the remainder when (-1 - (-122)/4)*2 is divided by x.
14
What is the remainder when (0 - -1) + (3 - (-100)/4) is divided by 10?
9
Suppose -16 = -3*w + 20. Suppose 2*p - 105 = -p. What is the remainder when p is divided by w?
11
Suppose 5*l - 4*l = 22. Let x = -29 + 41. What is the remainder when l is divided by x?
10
Let p = 5 + -3. Let j(c) = c**3 - 3*c**2 + 1. Let k be j(3). Suppose 0 = -0*h + h - k. What is the remainder when p is divided by h?
0
Suppose x + 29 = 2*x - 2*z, -5*x + 2*z = -129. What is the remainder when x is divided by 17?
8
Let t(h) be the second derivative of h**4/12 + h**3/3 - h**2/2 - 2*h. Suppose 0*y - y + 2 = 0. What is the remainder when t(-3) is divided by y?
0
Suppose 0*f = -c + 4*f + 72, -5*f + 105 = 2*c. What is the remainder when c is divided by 31?
29
Let h(g) = 28*g**2 + 4*g. Let w(n) = -84*n**2 - 11*n. Let b(u) = -8*h(u) - 3*w(u). What is the remainder when b(-1) is divided by 14?
13
Suppose 0 = t - 5*t. Suppose -2*g + 68 + 92 = t. Calculate the remainder when g/(-12)*(-12)/5 is divided by 6.
4
Suppose 14 = -3*m + 119. Suppose -15 - 3 = -a. Calculate the remainder when m is divided by a.
17
Suppose 3*o + 3 - 12 = 0. What is the remainder when (16/(-24))/(1 - (-11)/(-9)) is divided by o?
0
Let n(k) = -k - 3. Calculate the remainder when 18 is divided by n(-8).
3
Let p = -36 - -17. Let o = 33 + p. Calculate the remainder when 40 is divided by o.
12
Let j = -6 + 11. Suppose 212 = j*g + 67. Suppose -11 = -5*d + g. Calculate the remainder when d is divided by 5.
3
Let f = -38 - -21. Let u = f + 25. Suppose 106 = 6*x - x - 2*w, -3*w = 3*x - 72. What is the remainder when x is divided by u?
6
Let x = 6 - 3. Calculate the remainder when ((-6)/9)/(x/(-198)) is divided by 9.
8
Let g = -7 - -16. Let x = -7 - -10. Calculate the remainder when -1*(-2 - g) + -3 is divided by x.
2
Let f(w) = -w + 33. Let p(o) = 25*o - 158. Calculate the remainder when f(0) is divided by p(7).
16
Let x(q) = -3 + 1 - 4 - 1 - q**2 + 7*q. Let n = 3 - -2. What is the remainder when n is divided by x(5)?
2
What is the remainder when 55 is divided by 95/5*(3 + -2)?
17
Suppose 2*l - 60 = 2*w - 3*w, 3*l + 153 = 3*w. What is the remainder when w is divided by 8?
6
Let s(u) = u**2 - u + 4. Let q be s(0). Let j = 51 - 35. Suppose -j = -q*v + 40. What is the remainder when 41 is divided by v?
13
Let q = -10 + 27. What is the remainder when q is divided by 5?
2
Let y(l) be the third derivative of l**6/120 - l**5/20 - l**4/4 - l**3/3 - 3*l**2. Calculate the remainder when y(5) is divided by 5.
3
Let n(g) = 12*g**2 + 2*g - 1. Let c(m) = -21*m - 98. Calculate the remainder when c(-7) is divided by n(1).
10
Let a(y) = y**2 + 17*y + 31. Calculate the remainder when 182 is divided by a(-17).
27
Let q(r) = 9*r**3 - r**2 + 2. What is the remainder when q(2) is divided by 18?
16
Let y(u) be the third derivative of 5*u**4/24 + u**3/2 - 7*u**2. What is the remainder when 35 is divided by y(3)?
17
Let v(o) = 15*o**2 - 4*o - 3. Calculate the remainder when 46 is divided by v(-1).
14
Let y be (-6 - -1)/((-1)/2). Let l(d) = d**3 + 7 + 2 + 4*d**2 - 9*d - 13*d**2. Calculate the remainder when l(y) is divided by 5.
4
Let h = -10 - -23. Calculate the remainder when 25 is divided by h.
12
Let r(y) = y**2 + 16*y + 17. Let t be r(-15). Suppose 7 = t*o - 9. What is the remainder when 22 is divided by o?
6
Suppose 4 = 2*x - 0. Suppose 3*k = x*k + 12. What is the remainder when 35 is divided by k?
11
Suppose f - b = 43, -b = -f - 4*b + 31. Suppose 0 = -3*v + 8*v + f. Calculate the remainder when 19 is divided by (-30)/(-4)*v/(-6).
9
Let p = -2 - -16. Let w = 111 + -46. Suppose -5*i + 55 = 2*d, d - 3*i = 2*i + w. Calculate the remainder when d is divided by p.
12
Suppose 0 = -2*j + 10 - 2. Let v be j*(-2)/(8/(-3)). Suppose 12 + 27 = 3*z - v*x, 0 = -2*z + x + 25. What is the remainder when 23 is divided by z?
11
Calculate the remainder when 572/39 + (-2)/(-6) - 4 is divided by 9.
2
Let r(m) = -4*m + 1. Let i be r(-1). Suppose 2*b - 8 = i*a, -2*b + 0*a + 8 = 4*a. What is the remainder when 17 is divided by b?
1
Suppose 0 = -8*f + 699 + 525. What is the remainder when f is divided by 22?
21
Let u(m) = 81*m**2 - 3*m - 2. Calculate the remainder when u(-1) is divided by 14.
12
Let m = -8 + 8. Suppose m = -4*f + 4*i + 4, -f = -3*f + 3*i. Calculate the remainder when 11 is divided by f.
2
Let z = 1 + 1. Let l be (4/(-5))/((-4)/(-50)). Calculate the remainder when (-2)/6*(l - -1) is divided by z.
1
Let m = -204 + 304. Suppose 0*w + m = 4*w. What is the remainder when 48 is divided by w?
23
Let m(g) = 3*g**2 + 2*g - 2. Let s be m(4). Suppose -6*l + s = -4*l. Let p(d) = -d**3 - 7*d**2 - 2*d. Calculate the remainder when l is divided by p(-7).
13
Let t = -3 + 2. Let c(h) = -6 + 3 - 6*h**2 + 30*h**2 + 2 - 2*h. Calculate the remainder when c(t) is divided by 13.
12
Suppose f - 2 = 1. Suppose q = -2*q - l - 20, q = -f*l - 20. Let u